{"id":6,"date":"2017-02-09T15:36:32","date_gmt":"2017-02-09T15:36:32","guid":{"rendered":"http:\/\/nativewptheme.net\/eighteenth\/?page_id=6"},"modified":"2025-07-30T14:44:11","modified_gmt":"2025-07-30T14:44:11","slug":"startseite","status":"publish","type":"page","link":"https:\/\/www.wohngroup.de\/heinrichsquartier\/","title":{"rendered":"Startseite"},"content":{"rendered":"<section class=\"wpb-content-wrapper\"><p>[vc_row bg_check=&#8220;row-background-dark&#8220; dfd_bg_style=&#8220;image&#8220; dfd_parallax_style=&#8220;dfd_vertical_parallax&#8220; dfd_bg_image_repeat=&#8220;no-repeat&#8220; dfd_bg_image_size=&#8220;initial&#8220; dfd_parallax_sense=&#8220;55&#8243;][vc_column dfd_column_responsive_enable=&#8220;dfd-column-responsive-enable&#8220; col_shadow=&#8220;box_shadow_enable:disable|shadow_horizontal:0|shadow_vertical:15|shadow_blur:50|shadow_spread:0|box_shadow_color:rgba(0%2C0%2C0%2C0.35)&#8220; col_shadow_hover=&#8220;box_shadow_enable:disable|shadow_horizontal:0|shadow_vertical:15|shadow_blur:50|shadow_spread:0|box_shadow_color:rgba(0%2C0%2C0%2C0.35)&#8220; responsive_styles=&#8220;padding_left_mobile:20|padding_right_mobile:20&#8243;][rev_slider_vc alias=&#8220;start-2&#8243;][\/vc_column][\/vc_row][vc_row css=&#8220;.vc_custom_1613656442294{padding-top: 5% !important;padding-bottom: 5% !important;background-position: center !important;background-repeat: no-repeat !important;background-size: cover !important;}&#8220;][vc_column width=&#8220;1\/2&#8243;][dfd_simple_advertisement img_width=&#8220;850&#8243; img_height=&#8220;575&#8243; title=&#8220;Stra\u00dfe des Friedens 2&#8243; subtitle=&#8220;205 m\u00b2\/Einheit | zur Miete&#8220; info=&#8220;Apotheke | Gewerbe&#8220; shadow=&#8220;permanent&#8220; sa_box_shadow=&#8220;box_shadow_enable:enable|shadow_horizontal:0|shadow_vertical:50|shadow_blur:100|shadow_spread:0|box_shadow_color:rgba(85%2C85%2C85%2C0.8)&#8220; image_effect=&#8220;panr&#8220; portfolio_hover_mask_background_opacity=&#8220;0&#8243; module_animation=&#8220;transition.slideUpBigIn&#8220; custom_fonts_title=&#8220;font_family:Roboto%20Condensed%3A300%2C300italic%2Cregular%2Citalic%2C700%2C700italic|font_style:300%20light%20regular%3A300%3Anormal&#8220; custom_fonts_info=&#8220;font_family:Roboto%20Condensed%3A300%2C300italic%2Cregular%2Citalic%2C700%2C700italic&#8220; title_font_options=&#8220;tag:h4|font_size:18|color:%23ffffff|line_height:1.2|letter_spacing:0|font_style_bold:1&#8243; subtitle_font_options=&#8220;tag:div|font_size:16|color:%23ffffff|letter_spacing:0&#8243; info_font_options=&#8220;tag:div|font_size:14|color:%23ffffff&#8220; portfolio_hover_enable=&#8220;on&#8220; portfolio_hover_mask_background=&#8220;rgba(255,255,255,0.01)&#8220; title_responsive=&#8220;font_size_desktop:36|line_height_desktop:36|font_size_tablet:32|line_height_tablet:32|font_size_mobile:25|line_height_mobile:25&#8243; image=&#8220;39219&#8243; use_google_fonts_title=&#8220;show&#8220; use_google_fonts_subtitle=&#8220;show&#8220; custom_fonts_subtitle=&#8220;font_family:Roboto%20Condensed%3A300%2C300italic%2Cregular%2Citalic%2C700%2C700italic&#8220; link=&#8220;url:https%3A%2F%2Fwww.wohngroup.de%2Fheinrichsquartier%2Faerztehaus-gera%2F|title:Praxis%20und%20Gewerber%C3%A4ume|target:_blank&#8220;][dfd_spacer screen_wide_spacer_size=&#8220;&#8220; screen_normal_resolution=&#8220;1280&#8243; screen_tablet_resolution=&#8220;1024&#8243; screen_mobile_resolution=&#8220;800&#8243; screen_mobile_spacer_size=&#8220;10&#8243;][\/vc_column][vc_column width=&#8220;1\/2&#8243;][dfd_simple_advertisement img_width=&#8220;850&#8243; img_height=&#8220;575&#8243; title=&#8220;Tschaikowskistra\u00dfe 1&#8243; subtitle=&#8220;2-3 ZKB | 43 -81 m\u00b2 Wfl.&#8220; info=&#8220;Service-Wohnungen&#8220; shadow=&#8220;permanent&#8220; sa_box_shadow=&#8220;box_shadow_enable:enable|shadow_horizontal:0|shadow_vertical:50|shadow_blur:100|shadow_spread:0|box_shadow_color:rgba(85%2C85%2C85%2C0.8)&#8220; image_effect=&#8220;panr&#8220; portfolio_hover_mask_background_opacity=&#8220;0&#8243; module_animation=&#8220;transition.slideUpBigIn&#8220; custom_fonts_title=&#8220;font_family:Roboto%20Condensed%3A300%2C300italic%2Cregular%2Citalic%2C700%2C700italic|font_style:300%20light%20regular%3A300%3Anormal&#8220; custom_fonts_info=&#8220;font_family:Roboto%20Condensed%3A300%2C300italic%2Cregular%2Citalic%2C700%2C700italic&#8220; title_font_options=&#8220;tag:h4|font_size:18|color:%23ffffff|line_height:1.2|font_style_bold:1&#8243; subtitle_font_options=&#8220;tag:div|font_size:16|color:%23ffffff&#8220; info_font_options=&#8220;tag:div|font_size:14&#8243; image=&#8220;39224&#8243; portfolio_hover_enable=&#8220;on&#8220; portfolio_hover_mask_background=&#8220;rgba(255,255,255,0.01)&#8220; title_responsive=&#8220;font_size_desktop:36|line_height_desktop:36|font_size_tablet:32|line_height_tablet:32|font_size_mobile:25|line_height_mobile:25&#8243; use_google_fonts_title=&#8220;show&#8220; use_google_fonts_subtitle=&#8220;show&#8220; custom_fonts_subtitle=&#8220;font_family:Roboto%20Condensed%3A300%2C300italic%2Cregular%2Citalic%2C700%2C700italic&#8220; link=&#8220;url:https%3A%2F%2Fwww.wohngroup.de%2Fheinrichsquartier%2Faltersgerechte-wohnungen-heinrichsquartier%2F|title:Altersgerechte%20Wohnungen|target:_blank&#8220; tutorials=&#8220;&#8220;][dfd_spacer screen_wide_spacer_size=&#8220;&#8220; screen_normal_resolution=&#8220;1280&#8243; screen_tablet_resolution=&#8220;1024&#8243; screen_mobile_resolution=&#8220;800&#8243; screen_mobile_spacer_size=&#8220;10&#8243;][\/vc_column][\/vc_row][vc_row dfd_bg_style=&#8220;image&#8220; dfd_parallax_style=&#8220;dfd_vertical_parallax&#8220; dfd_bg_image_new=&#8220;21836&#8243; dfd_bg_image_repeat=&#8220;no-repeat&#8220; dfd_bg_image_size=&#8220;initial&#8220; dfd_parallax_sense=&#8220;60&#8243; dfd_bg_image_new_responsive=&#8220;22153&#8243; dfd_row_responsive_enable=&#8220;dfd-row-responsive-enable&#8220; css=&#8220;.vc_custom_1613656905165{padding-top: 5% !important;}&#8220;][vc_column width=&#8220;1\/2&#8243; dfd_column_responsive_enable=&#8220;dfd-column-responsive-enable&#8220; css=&#8220;.vc_custom_1493412107449{padding-right: 4% !important;padding-left: 4% !important;}&#8220; col_shadow=&#8220;box_shadow_enable:disable|shadow_horizontal:0|shadow_vertical:15|shadow_blur:50|shadow_spread:0|box_shadow_color:rgba(0%2C0%2C0%2C0.35)&#8220; col_shadow_hover=&#8220;box_shadow_enable:disable|shadow_horizontal:0|shadow_vertical:15|shadow_blur:50|shadow_spread:0|box_shadow_color:rgba(0%2C0%2C0%2C0.35)&#8220; responsive_styles=&#8220;padding_left_desktop:20|padding_left_tablet:20|padding_left_mobile:20|padding_right_mobile:20&#8243;][vc_column_text]<\/p>\n<h1>Eigentumswohnungen | Doppelh\u00e4user | Reihenh\u00e4user | \u00c4rztehaus<\/h1>\n<h2>GERAS NEUE BESTLAGE<\/h2>\n<p>[\/vc_column_text][vc_column_text]<\/p>\n<p style=\"margin-top: 30px;\">Von 2017 &#8211; 2024 ist zwischen Wei\u00dfer Elster und Heinrichsgr\u00fcn ein komplettes Quartier von 7 Mehrfamilienh\u00e4user mit 90 <a href=\"https:\/\/www.wohngroup.de\/heinrichsquartier\/referenzen\/\" target=\"_blank\" rel=\"noopener noreferrer\">Eigentumswohnungen<\/a> sowie <a href=\"https:\/\/www.wohngroup.de\/heinrichsquartier\/referenzen\/\" target=\"_blank\" rel=\"noopener\">25 Reihenhaus- und 12 Doppelhaus-Wohnungen<\/a> entstanden. Direkt am Elsterufer entstanden weitere 78 Service-Wohnungen f\u00fcr Bewohner mit Handicap bzw. im fortgeschrittenen Alter. Gleich nebenan ist 2025 das neu erbaute Gesundheitszentrum HeinrichsQuartier in Betrieb gegangen. Einmalig, und damit etwas Besonderes, ist der\u00a0 <a href=\"https:\/\/www.wohngroup.de\/heinrichsquartier\/der-gemeinschaftsgarten\/\" rel=\"noopener noreferrer\">quartierseigene Gemeinschaftsgarten,<\/a> der allen Bewohnern als Treffpunkt und g\u00e4rtnerisches Umfeld zur Verf\u00fcgung steht.<\/p>\n<p>[\/vc_column_text][dfd_spacer units=&#8220;%&#8220; screen_wide_spacer_size=&#8220;9&#8243; screen_normal_resolution=&#8220;1024&#8243; screen_tablet_resolution=&#8220;800&#8243; screen_mobile_resolution=&#8220;480&#8243; screen_normal_spacer_size=&#8220;15&#8243; screen_tablet_spacer_size=&#8220;15&#8243; screen_mobile_spacer_size=&#8220;12&#8243;][dfd_button button_text=&#8220;Mehr zur Lage&#8220; alignment=&#8220;text-left&#8220; module_animation=&#8220;transition.slideLeftBigIn&#8220; border=&#8220;border_style:solid|border_radius:4&#8243; hover_border=&#8220;border_style:solid|border_radius:4&#8243; main_style=&#8220;style-2&#8243; undefined=&#8220;&#8220; box_shadow=&#8220;box_shadow_enable:disable|shadow_horizontal:0|shadow_vertical:15|shadow_blur:50|shadow_spread:0|box_shadow_color:rgba(0%2C0%2C0%2C0.35)&#8220; hover_box_shadow=&#8220;box_shadow_enable:disable|shadow_horizontal:0|shadow_vertical:15|shadow_blur:50|shadow_spread:0|box_shadow_color:rgba(0%2C0%2C0%2C0.35)&#8220; padding_left=&#8220;30&#8243; padding_right=&#8220;30&#8243; background=&#8220;#638d23&#8243; hover_background=&#8220;#4d6423&#8243; title_font_options=&#8220;line_height:44&#8243; buttom_link_src=&#8220;url:https%3A%2F%2Fwww.wohngroup.de%2Fheinrichsquartier%2Flage%2F|||&#8220;][dfd_spacer units=&#8220;%&#8220; screen_wide_spacer_size=&#8220;512&#8243; screen_normal_resolution=&#8220;1024&#8243; screen_tablet_resolution=&#8220;800&#8243; screen_mobile_resolution=&#8220;480&#8243; screen_normal_spacer_size=&#8220;12&#8243; screen_tablet_spacer_size=&#8220;12&#8243; screen_mobile_spacer_size=&#8220;12&#8243;][\/vc_column][vc_column width=&#8220;1\/2&#8243; css=&#8220;.vc_custom_1493464237350{padding-top: 0% !important;padding-right: 5% !important;padding-bottom: 15% !important;padding-left: 5% !important;}&#8220; col_shadow=&#8220;box_shadow_enable:disable|shadow_horizontal:0|shadow_vertical:15|shadow_blur:50|shadow_spread:0|box_shadow_color:rgba(0%2C0%2C0%2C0.35)&#8220; col_shadow_hover=&#8220;box_shadow_enable:disable|shadow_horizontal:0|shadow_vertical:15|shadow_blur:50|shadow_spread:0|box_shadow_color:rgba(0%2C0%2C0%2C0.35)&#8220;][vc_column_text]<\/p>\n<h3>Aktuelles vom HeinrichsQuartier in Gera<\/h3>\n<p>[\/vc_column_text][dfd_spacer screen_wide_spacer_size=&#8220;30&#8243; screen_normal_resolution=&#8220;1280&#8243; screen_tablet_resolution=&#8220;1024&#8243; screen_mobile_resolution=&#8220;800&#8243; screen_mobile_spacer_size=&#8220;10&#8243; screen_normal_spacer_size=&#8220;20&#8243; screen_tablet_spacer_size=&#8220;15&#8243;][dfd_blog_posts posts_to_show=&#8220;2&#8243; items_offset=&#8220;20&#8243; columns=&#8220;2&#8243; thumb_rounded=&#8220;6&#8243; show_sort_panel=&#8220;&#8220; post_show_top_cat=&#8220;&#8220; post_show_meta_category=&#8220;&#8220; post_show_content=&#8220;&#8220; post_show_author_box=&#8220;&#8220; title_google_fonts=&#8220;yes&#8220; module_animation=&#8220;transition.fadeIn&#8220; post_content_style=&#8220;full&#8220; title_font_options=&#8220;font_size:18|color:%234f4b49|line_height:20|letter_spacing:0&#8243; post_style=&#8220;fitRows&#8220; title_custom_fonts=&#8220;font_family:Roboto%20Condensed%3A300%2C300italic%2Cregular%2Citalic%2C700%2C700italic|font_style:700%20bold%20regular%3A700%3Anormal&#8220; post_categories=&#8220;allgemein,bautagebuch&#8220;][\/vc_column][\/vc_row][vc_row css=&#8220;.vc_custom_1613656442294{padding-top: 5% !important;padding-bottom: 5% !important;background-position: center !important;background-repeat: no-repeat !important;background-size: cover !important;}&#8220;][vc_column][vc_column_text]<\/p>\n<h3 style=\"text-align: center;\">Videos<\/h3>\n<p>[\/vc_column_text][dfd_spacer units=&#8220;%&#8220; screen_wide_spacer_size=&#8220;50&#8243; screen_normal_resolution=&#8220;1024&#8243; screen_tablet_resolution=&#8220;800&#8243; screen_mobile_resolution=&#8220;480&#8243; screen_normal_spacer_size=&#8220;30&#8243; screen_tablet_spacer_size=&#8220;20&#8243; screen_mobile_spacer_size=&#8220;12&#8243;][vc_row_inner][vc_column_inner width=&#8220;1\/2&#8243;][vc_column_text]<\/p>\n<p style=\"text-align: center;\"><strong>Das HeinrichsQuartier von oben<\/strong><\/p>\n<p>[\/vc_column_text][dfd_spacer units=&#8220;%&#8220; screen_wide_spacer_size=&#8220;25&#8243; screen_normal_resolution=&#8220;1024&#8243; screen_tablet_resolution=&#8220;800&#8243; screen_mobile_resolution=&#8220;480&#8243; screen_normal_spacer_size=&#8220;15&#8243; screen_tablet_spacer_size=&#8220;10&#8243; screen_mobile_spacer_size=&#8220;12&#8243;][dfd_videoplayer shadow=&#8220;permanent&#8220; video_box_shadow=&#8220;box_shadow_enable:enable|shadow_horizontal:0|shadow_vertical:25|shadow_blur:70|shadow_spread:0|box_shadow_color:rgba(0%2C0%2C0%2C0.64)&#8220; video_link=&#8220;https:\/\/youtu.be\/fS48YmvsmOw&#8220; main_style=&#8220;style-1&#8243; video_thumb=&#8220;37847&#8243;][\/vc_column_inner][vc_column_inner width=&#8220;1\/2&#8243;][vc_column_text]<\/p>\n<p style=\"text-align: center;\"><strong>Service-Wohnen<br \/>\n<\/strong>[\/vc_column_text][dfd_spacer units=&#8220;%&#8220; screen_wide_spacer_size=&#8220;25&#8243; screen_normal_resolution=&#8220;1024&#8243; screen_tablet_resolution=&#8220;800&#8243; screen_mobile_resolution=&#8220;480&#8243; screen_normal_spacer_size=&#8220;15&#8243; screen_tablet_spacer_size=&#8220;10&#8243; screen_mobile_spacer_size=&#8220;12&#8243;][dfd_videoplayer shadow=&#8220;permanent&#8220; video_box_shadow=&#8220;box_shadow_enable:enable|shadow_horizontal:0|shadow_vertical:25|shadow_blur:70|shadow_spread:0|box_shadow_color:rgba(0%2C0%2C0%2C0.64)&#8220; video_link=&#8220;https:\/\/youtu.be\/KO7Xa0nE3iA&#8220; main_style=&#8220;style-1&#8243; video_thumb=&#8220;37947&#8243;][\/vc_column_inner][\/vc_row_inner][\/vc_column][\/vc_row]<\/p>\n<\/section>","protected":false},"excerpt":{"rendered":"<p>[vc_row bg_check=&#8220;row-background-dark&#8220; dfd_bg_style=&#8220;image&#8220; dfd_parallax_style=&#8220;dfd_vertical_parallax&#8220; dfd_bg_image_repeat=&#8220;no-repeat&#8220; dfd_bg_image_size=&#8220;initial&#8220; dfd_parallax_sense=&#8220;55&#8243;][vc_column dfd_column_responsive_enable=&#8220;dfd-column-responsive-enable&#8220; col_shadow=&#8220;box_shadow_enable:disable|shadow_horizontal:0|shadow_vertical:15|shadow_blur:50|shadow_spread:0|box_shadow_color:rgba(0%2C0%2C0%2C0.35)&#8220; col_shadow_hover=&#8220;box_shadow_enable:disable|shadow_horizontal:0|shadow_vertical:15|shadow_blur:50|shadow_spread:0|box_shadow_color:rgba(0%2C0%2C0%2C0.35)&#8220; responsive_styles=&#8220;padding_left_mobile:20|padding_right_mobile:20&#8243;][rev_slider_vc alias=&#8220;start-2&#8243;][\/vc_column][\/vc_row][vc_row css=&#8220;.vc_custom_1613656442294{padding-top: 5% !important;padding-bottom: 5% !important;background-position: center !important;background-repeat: no-repeat !important;background-size: cover !important;}&#8220;][vc_column width=&#8220;1\/2&#8243;][dfd_simple_advertisement img_width=&#8220;850&#8243; img_height=&#8220;575&#8243; title=&#8220;Stra\u00dfe des Friedens 2&#8243;<\/p>\n","protected":false},"author":19,"featured_media":0,"parent":0,"menu_order":0,"comment_status":"closed","ping_status":"closed","template":"tmp-page.php","meta":{"footnotes":""},"_links":{"self":[{"href":"https:\/\/www.wohngroup.de\/heinrichsquartier\/wp-json\/wp\/v2\/pages\/6"}],"collection":[{"href":"https:\/\/www.wohngroup.de\/heinrichsquartier\/wp-json\/wp\/v2\/pages"}],"about":[{"href":"https:\/\/www.wohngroup.de\/heinrichsquartier\/wp-json\/wp\/v2\/types\/page"}],"author":[{"embeddable":true,"href":"https:\/\/www.wohngroup.de\/heinrichsquartier\/wp-json\/wp\/v2\/users\/19"}],"replies":[{"embeddable":true,"href":"https:\/\/www.wohngroup.de\/heinrichsquartier\/wp-json\/wp\/v2\/comments?post=6"}],"version-history":[{"count":481,"href":"https:\/\/www.wohngroup.de\/heinrichsquartier\/wp-json\/wp\/v2\/pages\/6\/revisions"}],"predecessor-version":[{"id":39226,"href":"https:\/\/www.wohngroup.de\/heinrichsquartier\/wp-json\/wp\/v2\/pages\/6\/revisions\/39226"}],"wp:attachment":[{"href":"https:\/\/www.wohngroup.de\/heinrichsquartier\/wp-json\/wp\/v2\/media?parent=6"}],"curies":[{"name":"wp","href":"https:\/\/api.w.org\/{rel}","templated":true}]}}