{"id":22711,"date":"2018-09-11T13:02:25","date_gmt":"2018-09-11T13:02:25","guid":{"rendered":"https:\/\/www.wohngroup.de\/heinrichsquartier\/?page_id=22711"},"modified":"2023-10-10T09:06:24","modified_gmt":"2023-10-10T09:06:24","slug":"der-gemeinschaftsgarten","status":"publish","type":"page","link":"https:\/\/www.wohngroup.de\/heinrichsquartier\/der-gemeinschaftsgarten\/","title":{"rendered":"Der Gemeinschaftsgarten"},"content":{"rendered":"<section class=\"wpb-content-wrapper\"><p>[vc_row][vc_column][dfd_spacer screen_wide_spacer_size=&#8220;10&#8243; screen_normal_resolution=&#8220;1024&#8243; screen_tablet_resolution=&#8220;800&#8243; screen_mobile_resolution=&#8220;480&#8243;][rev_slider_vc alias=&#8220;garten&#8220;][\/vc_column][\/vc_row][vc_row dfd_bg_style=&#8220;animated&#8220; dfd_row_responsive_enable=&#8220;dfd-row-responsive-enable&#8220; responsive_styles=&#8220;padding_left_desktop:10|padding_right_desktop:10|padding_left_tablet:10|padding_right_tablet:10&#8243; dfd_bg_colors=&#8220;%5B%7B%22dfd_bg_single_color%22%3A%22%23ffffff%22%7D%5D&#8220;][vc_column width=&#8220;1\/4&#8243; dfd_column_responsive_enable=&#8220;dfd-column-responsive-enable&#8220; css=&#8220;.vc_custom_1493488110204{margin-top: 5% !important;padding-right: 5% !important;padding-left: 5% !important;}&#8220; col_shadow=&#8220;box_shadow_enable:disable|shadow_horizontal:0|shadow_vertical:15|shadow_blur:50|shadow_spread:0|box_shadow_color:rgba(0%2C0%2C0%2C0.35)&#8220; col_shadow_hover=&#8220;box_shadow_enable:disable|shadow_horizontal:0|shadow_vertical:15|shadow_blur:50|shadow_spread:0|box_shadow_color:rgba(0%2C0%2C0%2C0.35)&#8220; responsive_styles=&#8220;margin_top_tablet:-40|margin_top_mobile:0|padding_left_mobile:20|padding_right_mobile:20&#8243;][dfd_simple_advertisement img_width=&#8220;300&#8243; img_height=&#8220;250&#8243; title=&#8220;&#8220; subtitle=&#8220;&#8220; info=&#8220;&#8220; image_effect=&#8220;panr&#8220; portfolio_hover_mask_background_opacity=&#8220;50&#8243; module_animation=&#8220;transition.flipXIn&#8220; image=&#8220;23174&#8243; info_block_background_color=&#8220;#ffffff&#8220; title_font_options=&#8220;tag:div&#8220; subtitle_font_options=&#8220;tag:div&#8220; info_font_options=&#8220;tag:div&#8220; portfolio_hover_enable=&#8220;on&#8220; portfolio_hover_mask_background=&#8220;#ffffff&#8220;][dfd_spacer screen_wide_spacer_size=&#8220;10&#8243; screen_normal_resolution=&#8220;1024&#8243; screen_tablet_resolution=&#8220;800&#8243; screen_mobile_resolution=&#8220;480&#8243;][dfd_simple_advertisement img_width=&#8220;300&#8243; img_height=&#8220;250&#8243; title=&#8220;&#8220; subtitle=&#8220;&#8220; info=&#8220;&#8220; image_effect=&#8220;panr&#8220; portfolio_hover_mask_background_opacity=&#8220;50&#8243; module_animation=&#8220;transition.flipXIn&#8220; image=&#8220;23171&#8243; info_block_background_color=&#8220;#ffffff&#8220; portfolio_hover_enable=&#8220;on&#8220; title_font_options=&#8220;tag:div&#8220; subtitle_font_options=&#8220;tag:div&#8220; info_font_options=&#8220;tag:div&#8220; portfolio_hover_mask_background=&#8220;#ffffff&#8220;][dfd_spacer screen_wide_spacer_size=&#8220;10&#8243; screen_normal_resolution=&#8220;1024&#8243; screen_tablet_resolution=&#8220;800&#8243; screen_mobile_resolution=&#8220;480&#8243;][dfd_simple_advertisement img_width=&#8220;300&#8243; img_height=&#8220;250&#8243; title=&#8220;&#8220; subtitle=&#8220;&#8220; info=&#8220;&#8220; image_effect=&#8220;panr&#8220; portfolio_hover_mask_background_opacity=&#8220;50&#8243; module_animation=&#8220;transition.flipXIn&#8220; custom_fonts_info=&#8220;font_family:Montserrat%3Aregular%2C700&#8243; image=&#8220;23151&#8243; info_block_background_color=&#8220;#ffffff&#8220; portfolio_hover_enable=&#8220;on&#8220; title_font_options=&#8220;tag:div&#8220; subtitle_font_options=&#8220;tag:div&#8220; info_font_options=&#8220;tag:div&#8220; portfolio_hover_mask_background=&#8220;#ffffff&#8220;][dfd_spacer screen_wide_spacer_size=&#8220;10&#8243; screen_normal_resolution=&#8220;1280&#8243; screen_tablet_resolution=&#8220;1024&#8243; screen_mobile_resolution=&#8220;800&#8243; screen_mobile_spacer_size=&#8220;60&#8243;][dfd_simple_advertisement img_width=&#8220;300&#8243; img_height=&#8220;250&#8243; title=&#8220;&#8220; subtitle=&#8220;&#8220; info=&#8220;&#8220; image_effect=&#8220;panr&#8220; portfolio_hover_mask_background_opacity=&#8220;50&#8243; module_animation=&#8220;transition.flipXIn&#8220; title_font_options=&#8220;tag:div&#8220; subtitle_font_options=&#8220;tag:div&#8220; info_font_options=&#8220;tag:div&#8220; image=&#8220;24263&#8243; portfolio_hover_enable=&#8220;on&#8220; info_block_background_color=&#8220;#ffffff&#8220; portfolio_hover_mask_background=&#8220;#ffffff&#8220;][dfd_spacer screen_wide_spacer_size=&#8220;10&#8243; screen_normal_resolution=&#8220;1024&#8243; screen_tablet_resolution=&#8220;800&#8243; screen_mobile_resolution=&#8220;480&#8243;][dfd_simple_advertisement img_width=&#8220;300&#8243; img_height=&#8220;250&#8243; title=&#8220;&#8220; subtitle=&#8220;&#8220; info=&#8220;&#8220; image_effect=&#8220;panr&#8220; portfolio_hover_mask_background_opacity=&#8220;50&#8243; module_animation=&#8220;transition.flipXIn&#8220; image=&#8220;24265&#8243; portfolio_hover_enable=&#8220;on&#8220; title_font_options=&#8220;tag:div&#8220; subtitle_font_options=&#8220;tag:div&#8220; info_font_options=&#8220;tag:div&#8220; info_block_background_color=&#8220;#ffffff&#8220; portfolio_hover_mask_background=&#8220;#ffffff&#8220;][dfd_spacer screen_wide_spacer_size=&#8220;10&#8243; screen_normal_resolution=&#8220;1024&#8243; screen_tablet_resolution=&#8220;800&#8243; screen_mobile_resolution=&#8220;480&#8243; screen_normal_spacer_size=&#8220;10&#8243; screen_tablet_spacer_size=&#8220;10&#8243; screen_mobile_spacer_size=&#8220;10&#8243;][dfd_simple_advertisement img_width=&#8220;300&#8243; img_height=&#8220;250&#8243; title=&#8220;&#8220; subtitle=&#8220;&#8220; info=&#8220;&#8220; image_effect=&#8220;panr&#8220; portfolio_hover_mask_background_opacity=&#8220;50&#8243; module_animation=&#8220;transition.flipXIn&#8220; title_font_options=&#8220;tag:div&#8220; subtitle_font_options=&#8220;tag:div&#8220; info_font_options=&#8220;tag:div&#8220; portfolio_hover_enable=&#8220;on&#8220; image=&#8220;31367&#8243;][dfd_spacer screen_wide_spacer_size=&#8220;10&#8243; screen_normal_resolution=&#8220;1024&#8243; screen_tablet_resolution=&#8220;800&#8243; screen_mobile_resolution=&#8220;480&#8243; screen_normal_spacer_size=&#8220;10&#8243; screen_tablet_spacer_size=&#8220;10&#8243; screen_mobile_spacer_size=&#8220;10&#8243;][dfd_simple_advertisement img_width=&#8220;300&#8243; img_height=&#8220;250&#8243; title=&#8220;&#8220; subtitle=&#8220;&#8220; info=&#8220;&#8220; image_effect=&#8220;panr&#8220; portfolio_hover_mask_background_opacity=&#8220;50&#8243; module_animation=&#8220;transition.flipXIn&#8220; title_font_options=&#8220;tag:div&#8220; subtitle_font_options=&#8220;tag:div&#8220; info_font_options=&#8220;tag:div&#8220; portfolio_hover_enable=&#8220;on&#8220; image=&#8220;31368&#8243;][dfd_spacer screen_wide_spacer_size=&#8220;10&#8243; screen_normal_resolution=&#8220;1024&#8243; screen_tablet_resolution=&#8220;800&#8243; screen_mobile_resolution=&#8220;480&#8243; screen_normal_spacer_size=&#8220;10&#8243; screen_tablet_spacer_size=&#8220;10&#8243; screen_mobile_spacer_size=&#8220;10&#8243;][dfd_simple_advertisement img_width=&#8220;300&#8243; img_height=&#8220;250&#8243; title=&#8220;&#8220; subtitle=&#8220;&#8220; info=&#8220;&#8220; image_effect=&#8220;panr&#8220; portfolio_hover_mask_background_opacity=&#8220;50&#8243; module_animation=&#8220;transition.flipXIn&#8220; title_font_options=&#8220;tag:div&#8220; subtitle_font_options=&#8220;tag:div&#8220; info_font_options=&#8220;tag:div&#8220; portfolio_hover_enable=&#8220;on&#8220; image=&#8220;34511&#8243;][dfd_spacer screen_wide_spacer_size=&#8220;10&#8243; screen_normal_resolution=&#8220;1024&#8243; screen_tablet_resolution=&#8220;800&#8243; screen_mobile_resolution=&#8220;480&#8243; screen_normal_spacer_size=&#8220;10&#8243; screen_tablet_spacer_size=&#8220;10&#8243; screen_mobile_spacer_size=&#8220;10&#8243;][\/vc_column][vc_column width=&#8220;3\/4&#8243;][dfd_spacer screen_wide_spacer_size=&#8220;60&#8243; screen_normal_resolution=&#8220;1024&#8243; screen_tablet_resolution=&#8220;800&#8243; screen_mobile_resolution=&#8220;480&#8243;][vc_column_text]<\/p>\n<h2>Der Gemeinschaftsgarten<br \/>\nDie gr\u00fcne Oase im HeinrichsQuartier<\/h2>\n<p>[\/vc_column_text][dfd_spacer screen_wide_spacer_size=&#8220;10&#8243; screen_normal_resolution=&#8220;1024&#8243; screen_tablet_resolution=&#8220;800&#8243; screen_mobile_resolution=&#8220;480&#8243;][vc_column_text]G\u00e4rten sind Orte der Begegnung und des sozialen Miteinanders. Auch f\u00fcr die Bewohner des HeinrichsQuartiers wird der 800 m\u00b2 gro\u00dfe Gemeinschaftsgarten HEINRICHSGL\u00dcCK zur Bereicherung. Er bietet ein Naturerlebnis unmittelbar vor der eigenen Haust\u00fcr und wird durch seine zentrale Lage zum idealen Treffpunkt.<\/p>\n<p><strong>Die Gartengemeinschaft<\/strong><br \/>\nIm Vordergrund steht der Austausch, das Miteinander der Bewohner des HeinrischQuartiers. Der Gemeinschaftsgarten unterst\u00fctzt die Entwicklung eines lebendigen, Generationen \u00fcbergreifenden Siedlungslebens im neu gebauten Wohnquartier.<br \/>\nDie Besonderheit eines Gemeinschaftsgartens ist, dass er mit den Ideen und deren Umsetzung durch die Gemeinschaft w\u00e4chst.\u00a0Ganz gleich, ob er in Teilen zum G\u00e4rtnern in der Freizeit genutzt wird oder Nachbarn gemeinsam Kaffee trinken oder Grillen.<br \/>\nEine weitere Idee ist es, den Gemeinschaftsgarten zum Ort der Bildung zu machen. Beispielsweise durch Kooperation mit einem Kindergarten oder einer Schule. Erfahrungen k\u00f6nnen auf diese Weise weitergegeben werden. Themen wie Beobachten und Sinneserfahrungen bieten sich an.<\/p>\n<p><strong>Die Garteneinrichtung<\/strong><br \/>\nDer Bautr\u00e4ger des HeinrichsQuartiers, die <a href=\"https:\/\/tempus24.de\/\" target=\"_blank\" rel=\"noopener\">tempus24 GmbH &amp; Co. KG<\/a> errichtete den Gemeinschaftsgarten, der als zentraler Treffpunkt mit B\u00e4nken, B\u00e4umen und einem Sonnensegel ausgestattet wurde. In einem Ger\u00e4tehaus wird eine Grundausstattung Gartenwerkzeug bereitgestellt. Im Gartenteil wurden <a href=\"https:\/\/www.wohngroup.de\/heinrichsquartier\/pflanzaktion-im-gemeinschaftsgarten\/\">B\u00e4ume und sogenannte Naschstr\u00e4ucher gepflanzt<\/a> gepflanzt, die erste Fr\u00fcchte tragen.<\/p>\n<p><strong>Das Gartenleben<\/strong><br \/>\nMit einem <a href=\"https:\/\/www.wohngroup.de\/heinrichsquartier\/gemeinschaftsgarten_gartenfest\/\">Gartenfest<\/a> ist 2018 der erste Schritt zur Formierung\u00a0 Gartengemeinschaft HEINRICHSGL\u00dcCK gemacht worden. Im M\u00e4rz 2019 folgte ein <a href=\"https:\/\/www.wohngroup.de\/heinrichsquartier\/konzept-workshop-gemeinschaftsgarten-2\/\">Workshop<\/a> zur Erarbeitung des konkreten Konzeptes f\u00fcr\u00a0 den Gemeinschaftsgarten.[\/vc_column_text][dfd_spacer screen_wide_spacer_size=&#8220;20&#8243; screen_normal_resolution=&#8220;1024&#8243; screen_tablet_resolution=&#8220;800&#8243; screen_mobile_resolution=&#8220;480&#8243; screen_normal_spacer_size=&#8220;10&#8243; screen_tablet_spacer_size=&#8220;10&#8243; screen_mobile_spacer_size=&#8220;10&#8243;][vc_column_text]Alle Bewohner des HeinrichsQuartiers sind herzlich eingeladen die buchst\u00e4blich zarten Pfl\u00e4nzchen zu pflegen, auf dass ein lebendig und sch\u00f6nes Nachbarschaftsleben heranw\u00e4chst.[\/vc_column_text][dfd_short_info_block list_fields=&#8220;%5B%7B%22icon_type%22%3A%22text%22%2C%22select_icon%22%3A%22dfd_icons%22%2C%22ic_dfd_icons%22%3A%22dfd-socicon-film-strip-with-two-photograms%22%2C%22icon_text%22%3A%222018%22%2C%22block_title%22%3A%22Erstes%20Kennenlernen%22%2C%22block_subtitle%22%3A%22Konzept-Workshop%22%2C%22block_content%22%3A%22Zum%20ersten%20Gartenfest%20waren%20interessierte%20Gartenfreunde%20eingeladen%2C%20um%20sich%20zur%20Gartengemeinschaft%20HEINRICHSGL%C3%9CCK%20zu%20formieren.%20Gast%20diesen%20Tages%3A%20Landschaft-%20und%20Gartengestalter%20Frank%20Mittelst%C3%A4dt.%20Er%20begleitet%20die%20Gemeinschaft%20mit%20Workshop%20und%20Seminar%20und%20inspiriert%20die%20Akteure%20durch%20g%C3%A4rtnerisches%20Fachwissen.%20Mit%20seiner%20ganzheitlichen%20Gartenbetrachtung%20bringt%20der%20Gartentherapeut%20Mittelst%C3%A4dt%20weitere%2C%20interessante%20Erfahrungen%20in%20die%20Gemeinschaft%20ein.%22%7D%5D&#8220; icon_size=&#8220;25&#8243; icon_bg_size=&#8220;100&#8243; border_radius=&#8220;100&#8243; item_offset=&#8220;0&#8243; main_style=&#8220;style-2&#8243; title_font_options=&#8220;tag:div&#8220; subtitle_font_options=&#8220;tag:div&#8220;][dfd_short_info_block list_fields=&#8220;%5B%7B%22icon_type%22%3A%22text%22%2C%22select_icon%22%3A%22dfd_icons%22%2C%22ic_dfd_icons%22%3A%22dfd-socicon-film-strip-with-two-photograms%22%2C%22icon_text%22%3A%222019%22%2C%22block_title%22%3A%22Garten%20nimmt%20Kontur%20an%22%2C%22block_subtitle%22%3A%22Das%20ersten%20Gartenjahr%22%2C%22block_content%22%3A%222019%20war%20eine%20besonders%20hei%C3%9Fe%20Gartensaison%20und%20f%C3%BCr%20G%C3%A4rtner%20anstrengend.%20Deshalb%20kann%20man%20nicht%20genug%20all%20jenen%20danken%2C%20die%20sich%20fortw%C3%A4hrend%20um%20die%20Pflanzen%20k%C3%BCmmerten.%20%20Anerkennung%20gilt%20auch%20allen%2C%20die%20dazu%20beigetragen%20haben%2C%20dem%20jungen%20Gartenprojekt%20Kontur%20zu%20geben.%20Zugegeben%3A%20mit%20einem%20Bierchen%20oder%20Kaffee%20in%20geselliger%20Runde%20f%C3%A4llt%20das%20Fazit%20am%20Schluss%20der%20Saison%20wohlwollend%20aus.%20%22%7D%5D&#8220; icon_size=&#8220;25&#8243; icon_bg_size=&#8220;100&#8243; border_radius=&#8220;100&#8243; item_offset=&#8220;0&#8243; main_style=&#8220;style-2&#8243; title_font_options=&#8220;tag:div&#8220; subtitle_font_options=&#8220;tag:div&#8220;][dfd_short_info_block list_fields=&#8220;%5B%7B%22icon_type%22%3A%22text%22%2C%22select_icon%22%3A%22dfd_icons%22%2C%22ic_dfd_icons%22%3A%22dfd-socicon-film-strip-with-two-photograms%22%2C%22icon_text%22%3A%222020%22%2C%22block_title%22%3A%22Gartengemeinschaft%20w%C3%A4chst%22%2C%22block_subtitle%22%3A%22Gartensaison%20besonderer%20Art%22%2C%22block_content%22%3A%222020%20%E2%80%93%20was%20f%C3%BCr%20ein%20Jahr!%20Wohl%20dem%2C%20der%20trotz%20Kontaktbeschr%C3%A4nkungen%20frische%20Luft%20genie%C3%9Fen%20und%20bei%20Gartenarbeit%20Zerstreuung%20finden%20konnte.%20Mit%20dem%20Einzug%20neuer%20Bewohner%20schlossen%20sich%20einige%20der%20Gemeinschaft%20an.%20Neues%20wurden%20geschaffen%2C%20Str%C3%A4ucher%20und%20Gr%C3%A4ser%20gepflanzt%20und%20nat%C3%BCrlich%20gemeinsam%20gefeiert.%20Gegen%20Ende%20der%20Saison%20konnte%20die%20seitens%20des%20Bautr%C3%A4gers%20tempus24%20GmbH%20%26%20Co.%20KG%20angestrebte%20Grundst%C3%BCcks%C3%BCbertragung%20ins%20Gespr%C3%A4ch%20gebracht%20werden.%20Ein%20wesentlicher%20Schritt%2C%20um%20als%20Gartengemeinschaft%20zuk%C3%BCnftig%20eigenst%C3%A4ndig%20und%20rechtssicher%20agieren%20zu%20k%C3%B6nnen.%20%5Cn%22%7D%5D&#8220; icon_size=&#8220;25&#8243; icon_bg_size=&#8220;100&#8243; border_radius=&#8220;100&#8243; item_offset=&#8220;0&#8243; main_style=&#8220;style-2&#8243; title_font_options=&#8220;tag:div&#8220; subtitle_font_options=&#8220;tag:div&#8220;][dfd_short_info_block list_fields=&#8220;%5B%7B%22icon_type%22%3A%22text%22%2C%22select_icon%22%3A%22dfd_icons%22%2C%22ic_dfd_icons%22%3A%22dfd-socicon-film-strip-with-two-photograms%22%2C%22icon_text%22%3A%222021%20ff.%22%2C%22block_title%22%3A%22Aus%20Liebe%20zum%20Detail%22%2C%22block_subtitle%22%3A%22Es%20gr%C3%BCnt%20und%20bl%C3%BCht%20%22%2C%22block_content%22%3A%222021begann%20wie%202020%20endete%20-%20mit%20Einschr%C3%A4nkungen.%20Nichtsdestotrotz%20sind%20die%20flei%C3%9Figen%20G%C3%A4rtner%20-%20zur%20Freude%20aller%20-%20am%20Werk%2C%20sich%20und%20den%20Bewohnern%20des%20HeinrichsQuartiers%20einen%20bunten%2C%20einladenden%20Gemeinschaftsgarten%20zu%20schaffen.%20T%C3%A4glich%20wird%20gegossen%2C%20gepflegt%2C%20erweitert%20und%20komplettiert.%20Jede%20unterst%C3%BCtzende%20Hand%20ist%20willkommen.%20Gemeinsames%20verbindet!%20So%20finden%20sich%20in%20der%20Gartensaison%20%20Quartiersbewohner%20zum%20G%C3%A4rtnern%20und%20in%20froher%20Runde%20zusammen%2C%20um%20gemeinsam%20zu%20feiern.%22%7D%5D&#8220; icon_size=&#8220;25&#8243; icon_bg_size=&#8220;100&#8243; border_radius=&#8220;100&#8243; item_offset=&#8220;0&#8243; main_style=&#8220;style-2&#8243; title_font_options=&#8220;tag:div&#8220; subtitle_font_options=&#8220;tag:div&#8220; tutorials=&#8220;&#8220;][dfd_spacer screen_wide_spacer_size=&#8220;20&#8243; screen_normal_resolution=&#8220;1024&#8243; screen_tablet_resolution=&#8220;800&#8243; screen_mobile_resolution=&#8220;480&#8243; screen_normal_spacer_size=&#8220;10&#8243; screen_tablet_spacer_size=&#8220;10&#8243; screen_mobile_spacer_size=&#8220;10&#8243;][dfd_simple_advertisement style=&#8220;style-2&#8243; img_width=&#8220;900&#8243; title=&#8220;&#8220; subtitle=&#8220;&#8220; info=&#8220;&#8220; image=&#8220;23472&#8243; title_font_options=&#8220;tag:div&#8220; subtitle_font_options=&#8220;tag:div&#8220; info_font_options=&#8220;tag:div&#8220; link=&#8220;url:https%3A%2F%2Fwww.wohngroup.de%2Fwp-content%2Fuploads%2Fsites%2F4%2F2018%2F09%2FGesamtlageplan_Gemeinschaftsgarten.jpg|||&#8220;][dfd_spacer screen_wide_spacer_size=&#8220;30&#8243; screen_normal_resolution=&#8220;1024&#8243; screen_tablet_resolution=&#8220;800&#8243; screen_mobile_resolution=&#8220;480&#8243; screen_normal_spacer_size=&#8220;10&#8243; screen_tablet_spacer_size=&#8220;10&#8243; screen_mobile_spacer_size=&#8220;10&#8243;][\/vc_column][\/vc_row][vc_row][vc_column][dfd_spacer screen_wide_spacer_size=&#8220;60&#8243; screen_normal_resolution=&#8220;1024&#8243; screen_tablet_resolution=&#8220;800&#8243; screen_mobile_resolution=&#8220;480&#8243;][dfd_simple_advertisement style=&#8220;style-7&#8243; img_width=&#8220;1200&#8243; img_height=&#8220;600&#8243; title=&#8220;&#8220; subtitle=&#8220;&#8220; info=&#8220;&#8220; image_effect=&#8220;panr&#8220; portfolio_hover_mask_background_opacity=&#8220;50&#8243; module_animation=&#8220;transition.flipXIn&#8220; image=&#8220;23458&#8243; portfolio_hover_enable=&#8220;on&#8220; portfolio_hover_mask_background=&#8220;#b4ce7b&#8220; title_font_options=&#8220;tag:div&#8220; subtitle_font_options=&#8220;tag:div&#8220; info_font_options=&#8220;tag:div&#8220;][dfd_spacer screen_wide_spacer_size=&#8220;35&#8243; screen_normal_resolution=&#8220;1024&#8243; screen_tablet_resolution=&#8220;800&#8243; screen_mobile_resolution=&#8220;480&#8243;][vc_column_text]F\u00fcr Ihre Fragen zum Gartenprojekt steht Ihnen <a href=\"https:\/\/www.wohngroup.de\/heinrichsquartier\/kontakt\/\" target=\"_blank\" rel=\"noopener\">Frau Sommer<\/a> gern zur Seite und stellt Kontakt zur Gartengemeinschaft her.[\/vc_column_text][dfd_spacer screen_wide_spacer_size=&#8220;20&#8243; screen_normal_resolution=&#8220;1024&#8243; screen_tablet_resolution=&#8220;800&#8243; screen_mobile_resolution=&#8220;480&#8243;][\/vc_column][\/vc_row]<\/p>\n<\/section>","protected":false},"excerpt":{"rendered":"<p>[vc_row][vc_column][dfd_spacer screen_wide_spacer_size=&#8220;10&#8243; screen_normal_resolution=&#8220;1024&#8243; screen_tablet_resolution=&#8220;800&#8243; screen_mobile_resolution=&#8220;480&#8243;][rev_slider_vc alias=&#8220;garten&#8220;][\/vc_column][\/vc_row][vc_row dfd_bg_style=&#8220;animated&#8220; dfd_row_responsive_enable=&#8220;dfd-row-responsive-enable&#8220; responsive_styles=&#8220;padding_left_desktop:10|padding_right_desktop:10|padding_left_tablet:10|padding_right_tablet:10&#8243; dfd_bg_colors=&#8220;%5B%7B%22dfd_bg_single_color%22%3A%22%23ffffff%22%7D%5D&#8220;][vc_column width=&#8220;1\/4&#8243; dfd_column_responsive_enable=&#8220;dfd-column-responsive-enable&#8220; css=&#8220;.vc_custom_1493488110204{margin-top: 5% !important;padding-right: 5% !important;padding-left: 5% !important;}&#8220; col_shadow=&#8220;box_shadow_enable:disable|shadow_horizontal:0|shadow_vertical:15|shadow_blur:50|shadow_spread:0|box_shadow_color:rgba(0%2C0%2C0%2C0.35)&#8220; col_shadow_hover=&#8220;box_shadow_enable:disable|shadow_horizontal:0|shadow_vertical:15|shadow_blur:50|shadow_spread:0|box_shadow_color:rgba(0%2C0%2C0%2C0.35)&#8220; responsive_styles=&#8220;margin_top_tablet:-40|margin_top_mobile:0|padding_left_mobile:20|padding_right_mobile:20&#8243;][dfd_simple_advertisement img_width=&#8220;300&#8243; img_height=&#8220;250&#8243; title=&#8220;&#8220; subtitle=&#8220;&#8220; info=&#8220;&#8220; image_effect=&#8220;panr&#8220; portfolio_hover_mask_background_opacity=&#8220;50&#8243; module_animation=&#8220;transition.flipXIn&#8220;<\/p>\n","protected":false},"author":17,"featured_media":0,"parent":0,"menu_order":0,"comment_status":"closed","ping_status":"closed","template":"tmp-page.php","meta":{"footnotes":""},"_links":{"self":[{"href":"https:\/\/www.wohngroup.de\/heinrichsquartier\/wp-json\/wp\/v2\/pages\/22711"}],"collection":[{"href":"https:\/\/www.wohngroup.de\/heinrichsquartier\/wp-json\/wp\/v2\/pages"}],"about":[{"href":"https:\/\/www.wohngroup.de\/heinrichsquartier\/wp-json\/wp\/v2\/types\/page"}],"author":[{"embeddable":true,"href":"https:\/\/www.wohngroup.de\/heinrichsquartier\/wp-json\/wp\/v2\/users\/17"}],"replies":[{"embeddable":true,"href":"https:\/\/www.wohngroup.de\/heinrichsquartier\/wp-json\/wp\/v2\/comments?post=22711"}],"version-history":[{"count":152,"href":"https:\/\/www.wohngroup.de\/heinrichsquartier\/wp-json\/wp\/v2\/pages\/22711\/revisions"}],"predecessor-version":[{"id":36915,"href":"https:\/\/www.wohngroup.de\/heinrichsquartier\/wp-json\/wp\/v2\/pages\/22711\/revisions\/36915"}],"wp:attachment":[{"href":"https:\/\/www.wohngroup.de\/heinrichsquartier\/wp-json\/wp\/v2\/media?parent=22711"}],"curies":[{"name":"wp","href":"https:\/\/api.w.org\/{rel}","templated":true}]}}